{"id":1762,"date":"2025-08-01T14:04:13","date_gmt":"2025-08-01T14:04:13","guid":{"rendered":"https:\/\/www.sbcajamarca.com.pe\/?page_id=1762"},"modified":"2025-08-01T17:18:17","modified_gmt":"2025-08-01T17:18:17","slug":"denuncias","status":"publish","type":"page","link":"https:\/\/www.sbcajamarca.com.pe\/?page_id=1762","title":{"rendered":"DENUNCIAS"},"content":{"rendered":"\n<div class=\"wp-block-columns is-layout-flex wp-container-core-columns-is-layout-28f84493 wp-block-columns-is-layout-flex\">\n<div class=\"wp-block-column is-layout-flow wp-block-column-is-layout-flow\">\n<div class=\"wp-block-group has-global-padding is-layout-constrained wp-block-group-is-layout-constrained\">\n<div class=\"wp-block-group has-global-padding is-layout-constrained wp-block-group-is-layout-constrained\">\n<div class=\"wp-block-cover has-parallax\"><div class=\"wp-block-cover__image-background wp-image-1801 has-parallax\" style=\"background-position:50% 50%;background-image:url(https:\/\/www.sbcajamarca.com.pe\/wp-content\/uploads\/2025\/08\/denuncia-anonima-3.jpg)\"><\/div><span aria-hidden=\"true\" class=\"wp-block-cover__background has-background-dim\"><\/span><div class=\"wp-block-cover__inner-container is-layout-flow wp-block-cover-is-layout-flow\">\n<p class=\"has-text-align-center has-x-large-font-size\"><strong>DENUNCIAS AN\u00d3NIMA<\/strong>S<\/p>\n<\/div><\/div>\n<\/div>\n<\/div>\n\n\n\n<p style=\"text-align: justify;\">\nLa Sociedad de Beneficencia de Cajamarca, como parte de su Pol\u00edtica de Gesti\u00f3n Antisoborno, habilita un Canal de Denuncias An\u00f3nimas dirigido a sus partes interesadas, con el prop\u00f3sito de que cualquier persona pueda reportar, de buena fe, posibles irregularidades o incumplimientos relacionados con sus pol\u00edticas institucionales.\n<\/p>\n\n\n\n<p style=\"text-align: justify;\">Si cuenta con evidencia relacionada, agradecemos enviarla al correo electr\u00f3nico denuncias@sbcajamarca.com.pe, o por este medio llenando el formulario, garantizamos que la identidad del denunciante ser\u00e1 mantenida en estricta confidencialidad.<\/p>\n\n\n\n<div class=\"wp-block-columns is-layout-flex wp-container-core-columns-is-layout-28f84493 wp-block-columns-is-layout-flex\">\n<div class=\"wp-block-column is-vertically-aligned-center is-layout-flow wp-block-column-is-layout-flow\"><p>[forminator_form id=\u00bb1789&#8243;]<\/p>\n<\/div>\n<\/div>\n<\/div>\n<\/div>\n","protected":false},"excerpt":{"rendered":"<p>La Sociedad de Beneficencia de Cajamarca, como parte de su Pol\u00edtica de Gesti\u00f3n Antisoborno, habilita un Canal de Denuncias An\u00f3nimas dirigido a sus partes interesadas, con el prop\u00f3sito de que cualquier persona pueda reportar, de buena fe, posibles irregularidades o incumplimientos relacionados con sus pol\u00edticas institucionales. Si cuenta con evidencia relacionada, agradecemos enviarla al correo electr\u00f3nico denuncias@sbcajamarca.com.pe, o por este medio llenando el formulario, garantizamos que la identidad del denunciante ser\u00e1 mantenida en estricta confidencialidad.<\/p>\n","protected":false},"author":1,"featured_media":0,"parent":0,"menu_order":0,"comment_status":"closed","ping_status":"closed","template":"page-no-title","meta":{"footnotes":""},"class_list":["post-1762","page","type-page","status-publish","hentry"],"yoast_head":"<!-- This site is optimized with the Yoast SEO plugin v27.6 - https:\/\/yoast.com\/product\/yoast-seo-wordpress\/ -->\n<title>DENUNCIAS - Sociedad de Beneficencia de Cajamarca<\/title>\n<meta name=\"robots\" content=\"index, follow, max-snippet:-1, max-image-preview:large, max-video-preview:-1\" \/>\n<link rel=\"canonical\" href=\"https:\/\/www.sbcajamarca.com.pe\/?page_id=1762\" \/>\n<meta property=\"og:locale\" content=\"es_ES\" \/>\n<meta property=\"og:type\" content=\"article\" \/>\n<meta property=\"og:title\" content=\"DENUNCIAS - Sociedad de Beneficencia de Cajamarca\" \/>\n<meta property=\"og:description\" content=\"La Sociedad de Beneficencia de Cajamarca, como parte de su Pol\u00edtica de Gesti\u00f3n Antisoborno, habilita un Canal de Denuncias An\u00f3nimas dirigido a sus partes interesadas, con el prop\u00f3sito de que cualquier persona pueda reportar, de buena fe, posibles irregularidades o incumplimientos relacionados con sus pol\u00edticas institucionales. Si cuenta con evidencia relacionada, agradecemos enviarla al correo electr\u00f3nico denuncias@sbcajamarca.com.pe, o por este medio llenando el formulario, garantizamos que la identidad del denunciante ser\u00e1 mantenida en estricta confidencialidad.\" \/>\n<meta property=\"og:url\" content=\"https:\/\/www.sbcajamarca.com.pe\/?page_id=1762\" \/>\n<meta property=\"og:site_name\" content=\"Sociedad de Beneficencia de Cajamarca\" \/>\n<meta property=\"article:modified_time\" content=\"2025-08-01T17:18:17+00:00\" \/>\n<meta property=\"og:image\" content=\"https:\/\/www.sbcajamarca.com.pe\/wp-content\/uploads\/2025\/06\/cropped-image-18.png\" \/>\n\t<meta property=\"og:image:width\" content=\"512\" \/>\n\t<meta property=\"og:image:height\" content=\"512\" \/>\n\t<meta property=\"og:image:type\" content=\"image\/png\" \/>\n<meta name=\"twitter:card\" content=\"summary_large_image\" \/>\n<meta name=\"twitter:label1\" content=\"Tiempo de lectura\" \/>\n\t<meta name=\"twitter:data1\" content=\"1 minuto\" \/>\n<script type=\"application\/ld+json\" class=\"yoast-schema-graph\">{\"@context\":\"https:\\\/\\\/schema.org\",\"@graph\":[{\"@type\":\"WebPage\",\"@id\":\"https:\\\/\\\/www.sbcajamarca.com.pe\\\/?page_id=1762\",\"url\":\"https:\\\/\\\/www.sbcajamarca.com.pe\\\/?page_id=1762\",\"name\":\"DENUNCIAS - Sociedad de Beneficencia de Cajamarca\",\"isPartOf\":{\"@id\":\"https:\\\/\\\/www.sbcajamarca.com.pe\\\/#website\"},\"datePublished\":\"2025-08-01T14:04:13+00:00\",\"dateModified\":\"2025-08-01T17:18:17+00:00\",\"breadcrumb\":{\"@id\":\"https:\\\/\\\/www.sbcajamarca.com.pe\\\/?page_id=1762#breadcrumb\"},\"inLanguage\":\"es\",\"potentialAction\":[{\"@type\":\"ReadAction\",\"target\":[\"https:\\\/\\\/www.sbcajamarca.com.pe\\\/?page_id=1762\"]}]},{\"@type\":\"BreadcrumbList\",\"@id\":\"https:\\\/\\\/www.sbcajamarca.com.pe\\\/?page_id=1762#breadcrumb\",\"itemListElement\":[{\"@type\":\"ListItem\",\"position\":1,\"name\":\"Portada\",\"item\":\"https:\\\/\\\/www.sbcajamarca.com.pe\\\/\"},{\"@type\":\"ListItem\",\"position\":2,\"name\":\"DENUNCIAS\"}]},{\"@type\":\"WebSite\",\"@id\":\"https:\\\/\\\/www.sbcajamarca.com.pe\\\/#website\",\"url\":\"https:\\\/\\\/www.sbcajamarca.com.pe\\\/\",\"name\":\"Sociedad de Beneficencia de Cajamarca\",\"description\":\"&quot;Trabajando por los mas vulnerables&quot;\",\"alternateName\":\"SBC\",\"potentialAction\":[{\"@type\":\"SearchAction\",\"target\":{\"@type\":\"EntryPoint\",\"urlTemplate\":\"https:\\\/\\\/www.sbcajamarca.com.pe\\\/?s={search_term_string}\"},\"query-input\":{\"@type\":\"PropertyValueSpecification\",\"valueRequired\":true,\"valueName\":\"search_term_string\"}}],\"inLanguage\":\"es\"}]}<\/script>\n<!-- \/ Yoast SEO plugin. -->","yoast_head_json":{"title":"DENUNCIAS - Sociedad de Beneficencia de Cajamarca","robots":{"index":"index","follow":"follow","max-snippet":"max-snippet:-1","max-image-preview":"max-image-preview:large","max-video-preview":"max-video-preview:-1"},"canonical":"https:\/\/www.sbcajamarca.com.pe\/?page_id=1762","og_locale":"es_ES","og_type":"article","og_title":"DENUNCIAS - Sociedad de Beneficencia de Cajamarca","og_description":"La Sociedad de Beneficencia de Cajamarca, como parte de su Pol\u00edtica de Gesti\u00f3n Antisoborno, habilita un Canal de Denuncias An\u00f3nimas dirigido a sus partes interesadas, con el prop\u00f3sito de que cualquier persona pueda reportar, de buena fe, posibles irregularidades o incumplimientos relacionados con sus pol\u00edticas institucionales. Si cuenta con evidencia relacionada, agradecemos enviarla al correo electr\u00f3nico denuncias@sbcajamarca.com.pe, o por este medio llenando el formulario, garantizamos que la identidad del denunciante ser\u00e1 mantenida en estricta confidencialidad.","og_url":"https:\/\/www.sbcajamarca.com.pe\/?page_id=1762","og_site_name":"Sociedad de Beneficencia de Cajamarca","article_modified_time":"2025-08-01T17:18:17+00:00","og_image":[{"width":512,"height":512,"url":"https:\/\/www.sbcajamarca.com.pe\/wp-content\/uploads\/2025\/06\/cropped-image-18.png","type":"image\/png"}],"twitter_card":"summary_large_image","twitter_misc":{"Tiempo de lectura":"1 minuto"},"schema":{"@context":"https:\/\/schema.org","@graph":[{"@type":"WebPage","@id":"https:\/\/www.sbcajamarca.com.pe\/?page_id=1762","url":"https:\/\/www.sbcajamarca.com.pe\/?page_id=1762","name":"DENUNCIAS - Sociedad de Beneficencia de Cajamarca","isPartOf":{"@id":"https:\/\/www.sbcajamarca.com.pe\/#website"},"datePublished":"2025-08-01T14:04:13+00:00","dateModified":"2025-08-01T17:18:17+00:00","breadcrumb":{"@id":"https:\/\/www.sbcajamarca.com.pe\/?page_id=1762#breadcrumb"},"inLanguage":"es","potentialAction":[{"@type":"ReadAction","target":["https:\/\/www.sbcajamarca.com.pe\/?page_id=1762"]}]},{"@type":"BreadcrumbList","@id":"https:\/\/www.sbcajamarca.com.pe\/?page_id=1762#breadcrumb","itemListElement":[{"@type":"ListItem","position":1,"name":"Portada","item":"https:\/\/www.sbcajamarca.com.pe\/"},{"@type":"ListItem","position":2,"name":"DENUNCIAS"}]},{"@type":"WebSite","@id":"https:\/\/www.sbcajamarca.com.pe\/#website","url":"https:\/\/www.sbcajamarca.com.pe\/","name":"Sociedad de Beneficencia de Cajamarca","description":"&quot;Trabajando por los mas vulnerables&quot;","alternateName":"SBC","potentialAction":[{"@type":"SearchAction","target":{"@type":"EntryPoint","urlTemplate":"https:\/\/www.sbcajamarca.com.pe\/?s={search_term_string}"},"query-input":{"@type":"PropertyValueSpecification","valueRequired":true,"valueName":"search_term_string"}}],"inLanguage":"es"}]}},"jetpack_sharing_enabled":true,"jetpack-related-posts":[],"_links":{"self":[{"href":"https:\/\/www.sbcajamarca.com.pe\/index.php?rest_route=\/wp\/v2\/pages\/1762","targetHints":{"allow":["GET"]}}],"collection":[{"href":"https:\/\/www.sbcajamarca.com.pe\/index.php?rest_route=\/wp\/v2\/pages"}],"about":[{"href":"https:\/\/www.sbcajamarca.com.pe\/index.php?rest_route=\/wp\/v2\/types\/page"}],"author":[{"embeddable":true,"href":"https:\/\/www.sbcajamarca.com.pe\/index.php?rest_route=\/wp\/v2\/users\/1"}],"replies":[{"embeddable":true,"href":"https:\/\/www.sbcajamarca.com.pe\/index.php?rest_route=%2Fwp%2Fv2%2Fcomments&post=1762"}],"version-history":[{"count":24,"href":"https:\/\/www.sbcajamarca.com.pe\/index.php?rest_route=\/wp\/v2\/pages\/1762\/revisions"}],"predecessor-version":[{"id":1813,"href":"https:\/\/www.sbcajamarca.com.pe\/index.php?rest_route=\/wp\/v2\/pages\/1762\/revisions\/1813"}],"wp:attachment":[{"href":"https:\/\/www.sbcajamarca.com.pe\/index.php?rest_route=%2Fwp%2Fv2%2Fmedia&parent=1762"}],"curies":[{"name":"wp","href":"https:\/\/api.w.org\/{rel}","templated":true}]}}