{"id":240,"date":"2025-06-17T12:54:50","date_gmt":"2025-06-17T17:54:50","guid":{"rendered":"https:\/\/pe795.wordpress.com\/?page_id=240"},"modified":"2025-06-17T12:54:50","modified_gmt":"2025-06-17T17:54:50","slug":"quienes-somos","status":"publish","type":"page","link":"https:\/\/www.sbcajamarca.com.pe\/?page_id=240","title":{"rendered":"QUIENES SOMOS"},"content":{"rendered":"\n<div class=\"wp-block-cover alignfull is-light has-contrast-color has-text-color has-link-color wp-elements-0024f9213e7cf184245be9c1752303d2\" style=\"margin-top:0;margin-bottom:0;padding-top:var(--wp--preset--spacing--60);padding-right:var(--wp--preset--spacing--50);padding-bottom:var(--wp--preset--spacing--60);padding-left:var(--wp--preset--spacing--50)\"><span aria-hidden=\"true\" class=\"wp-block-cover__background has-base-background-color has-background-dim-100 has-background-dim\"><\/span><div class=\"wp-block-cover__inner-container has-global-padding is-layout-constrained wp-container-core-cover-is-layout-873ee6b1 wp-block-cover-is-layout-constrained\">\n<div class=\"wp-block-columns alignwide is-layout-flex wp-container-core-columns-is-layout-7ee84d44 wp-block-columns-is-layout-flex\">\n<div class=\"wp-block-column is-layout-flow wp-block-column-is-layout-flow\" style=\"flex-basis:65%\">\n<div class=\"wp-block-group is-vertical is-content-justification-stretch is-layout-flex wp-container-core-group-is-layout-353c4f5a wp-block-group-is-layout-flex\">\n<p class=\"is-style-text-subtitle has-text-color has-link-color has-alegreya-font-family has-xx-large-font-size wp-elements-cc75fe9ea24add2ec23ee7c7519a31ce is-style-text-subtitle--1\" style=\"color:#fb0b0b\">\u00bf<strong>QUIENES SOMOS<\/strong>? <\/p>\n\n\n\n<p class=\"has-text-align-justify is-style-text-subtitle is-style-text-subtitle--2\">La Sociedad de Beneficencia de Cajamarca tiene como prop\u00f3sito brindar servicios de protecci\u00f3n social de inter\u00e9s p\u00fablico a nivel provincial, dirigidos a ni\u00f1as, ni\u00f1os, adolescentes, mujeres, personas con discapacidad y personas adultas mayores que se encuentren en situaci\u00f3n de riesgo o vulnerabilidad. Estas acciones se desarrollan de manera complementaria a los servicios estatales y se enmarcan en los enfoques de derechos, g\u00e9nero, interculturalidad e intergeneracionalidad<\/p>\n<\/div>\n<\/div>\n\n\n\n<div class=\"wp-block-column is-layout-flow wp-block-column-is-layout-flow\"><\/div>\n\n\n\n<div class=\"wp-block-column is-layout-flow wp-block-column-is-layout-flow\" style=\"flex-basis:35%\">\n<div class=\"wp-block-group is-vertical is-content-justification-stretch is-nowrap is-layout-flex wp-container-core-group-is-layout-73b0033c wp-block-group-is-layout-flex\">\n<figure class=\"wp-block-image size-large\"><img fetchpriority=\"high\" decoding=\"async\" width=\"2136\" height=\"2280\" data-attachment-id=\"262\" data-permalink=\"https:\/\/www.sbcajamarca.com.pe\/?attachment_id=262\" data-orig-file=\"https:\/\/www.sbcajamarca.com.pe\/wp-content\/uploads\/2025\/06\/logo-blanco-1.jpg\" data-orig-size=\"2136,2280\" data-comments-opened=\"1\" data-image-meta=\"{&quot;aperture&quot;:&quot;0&quot;,&quot;credit&quot;:&quot;&quot;,&quot;camera&quot;:&quot;&quot;,&quot;caption&quot;:&quot;&quot;,&quot;created_timestamp&quot;:&quot;0&quot;,&quot;copyright&quot;:&quot;&quot;,&quot;focal_length&quot;:&quot;0&quot;,&quot;iso&quot;:&quot;0&quot;,&quot;shutter_speed&quot;:&quot;0&quot;,&quot;title&quot;:&quot;&quot;,&quot;orientation&quot;:&quot;1&quot;}\" data-image-title=\"logo blanco\" data-image-description=\"\" data-image-caption=\"\" data-large-file=\"https:\/\/www.sbcajamarca.com.pe\/wp-content\/uploads\/2025\/06\/logo-blanco-1-959x1024.jpg\" src=\"https:\/\/pe795.wordpress.com\/wp-content\/uploads\/2025\/06\/logo-blanco-1.jpg?w=959\" alt=\"\" class=\"wp-image-262\" srcset=\"https:\/\/www.sbcajamarca.com.pe\/wp-content\/uploads\/2025\/06\/logo-blanco-1.jpg 2136w, https:\/\/www.sbcajamarca.com.pe\/wp-content\/uploads\/2025\/06\/logo-blanco-1-281x300.jpg 281w, https:\/\/www.sbcajamarca.com.pe\/wp-content\/uploads\/2025\/06\/logo-blanco-1-959x1024.jpg 959w, https:\/\/www.sbcajamarca.com.pe\/wp-content\/uploads\/2025\/06\/logo-blanco-1-768x820.jpg 768w, https:\/\/www.sbcajamarca.com.pe\/wp-content\/uploads\/2025\/06\/logo-blanco-1-1439x1536.jpg 1439w, https:\/\/www.sbcajamarca.com.pe\/wp-content\/uploads\/2025\/06\/logo-blanco-1-1919x2048.jpg 1919w\" sizes=\"(max-width: 2136px) 100vw, 2136px\" \/><\/figure>\n<\/div>\n<\/div>\n<\/div>\n<\/div><\/div>\n\n\n\n<div class=\"wp-block-cover alignfull is-light has-contrast-color has-text-color has-link-color wp-elements-95eca3a08b620a0b0c2814e7914aa878\" style=\"margin-top:0;margin-bottom:0;padding-top:var(--wp--preset--spacing--60);padding-right:var(--wp--preset--spacing--50);padding-bottom:var(--wp--preset--spacing--60);padding-left:var(--wp--preset--spacing--50)\"><span aria-hidden=\"true\" class=\"wp-block-cover__background has-base-background-color has-background-dim-100 has-background-dim\"><\/span><div class=\"wp-block-cover__inner-container has-global-padding is-layout-constrained wp-container-core-cover-is-layout-873ee6b1 wp-block-cover-is-layout-constrained\">\n<div class=\"wp-block-columns alignwide is-layout-flex wp-container-core-columns-is-layout-7ee84d44 wp-block-columns-is-layout-flex\">\n<div class=\"wp-block-column is-layout-flow wp-block-column-is-layout-flow\">\n<figure class=\"wp-block-image aligncenter size-large\"><img decoding=\"async\" width=\"1024\" height=\"768\" data-attachment-id=\"265\" data-permalink=\"https:\/\/www.sbcajamarca.com.pe\/?attachment_id=265\" data-orig-file=\"https:\/\/www.sbcajamarca.com.pe\/wp-content\/uploads\/2025\/06\/grafico-mision-vision-y-valores-profesional-multicolor.png\" data-orig-size=\"1024,768\" data-comments-opened=\"1\" data-image-meta=\"{&quot;aperture&quot;:&quot;0&quot;,&quot;credit&quot;:&quot;&quot;,&quot;camera&quot;:&quot;&quot;,&quot;caption&quot;:&quot;&quot;,&quot;created_timestamp&quot;:&quot;0&quot;,&quot;copyright&quot;:&quot;&quot;,&quot;focal_length&quot;:&quot;0&quot;,&quot;iso&quot;:&quot;0&quot;,&quot;shutter_speed&quot;:&quot;0&quot;,&quot;title&quot;:&quot;&quot;,&quot;orientation&quot;:&quot;0&quot;}\" data-image-title=\"Gr\u00e1fico Misi\u00f3n Visi\u00f3n Y Valores Profesional Multicolor\" data-image-description=\"\" data-image-caption=\"\" data-large-file=\"https:\/\/www.sbcajamarca.com.pe\/wp-content\/uploads\/2025\/06\/grafico-mision-vision-y-valores-profesional-multicolor.png\" src=\"https:\/\/pe795.wordpress.com\/wp-content\/uploads\/2025\/06\/grafico-mision-vision-y-valores-profesional-multicolor.png?w=1024\" alt=\"\" class=\"wp-image-265\" srcset=\"https:\/\/www.sbcajamarca.com.pe\/wp-content\/uploads\/2025\/06\/grafico-mision-vision-y-valores-profesional-multicolor.png 1024w, https:\/\/www.sbcajamarca.com.pe\/wp-content\/uploads\/2025\/06\/grafico-mision-vision-y-valores-profesional-multicolor-300x225.png 300w, https:\/\/www.sbcajamarca.com.pe\/wp-content\/uploads\/2025\/06\/grafico-mision-vision-y-valores-profesional-multicolor-768x576.png 768w\" sizes=\"(max-width: 1024px) 100vw, 1024px\" \/><\/figure>\n<\/div>\n<\/div>\n<\/div><\/div>\n","protected":false},"excerpt":{"rendered":"","protected":false},"author":1,"featured_media":0,"parent":0,"menu_order":0,"comment_status":"closed","ping_status":"closed","template":"page-no-title","meta":{"footnotes":""},"class_list":["post-240","page","type-page","status-publish","hentry"],"yoast_head":"<!-- This site is optimized with the Yoast SEO plugin v27.6 - https:\/\/yoast.com\/product\/yoast-seo-wordpress\/ -->\n<title>QUIENES SOMOS - Sociedad de Beneficencia de Cajamarca<\/title>\n<meta name=\"robots\" content=\"index, follow, max-snippet:-1, max-image-preview:large, max-video-preview:-1\" \/>\n<link rel=\"canonical\" href=\"https:\/\/www.sbcajamarca.com.pe\/?page_id=240\" \/>\n<meta property=\"og:locale\" content=\"es_ES\" \/>\n<meta property=\"og:type\" content=\"article\" \/>\n<meta property=\"og:title\" content=\"QUIENES SOMOS - Sociedad de Beneficencia de Cajamarca\" \/>\n<meta property=\"og:url\" content=\"https:\/\/www.sbcajamarca.com.pe\/?page_id=240\" \/>\n<meta property=\"og:site_name\" content=\"Sociedad de Beneficencia de Cajamarca\" \/>\n<meta property=\"og:image\" content=\"https:\/\/www.sbcajamarca.com.pe\/wp-content\/uploads\/2025\/06\/logo-blanco-1.jpg\" \/>\n\t<meta property=\"og:image:width\" content=\"2136\" \/>\n\t<meta property=\"og:image:height\" content=\"2280\" \/>\n\t<meta property=\"og:image:type\" content=\"image\/jpeg\" \/>\n<meta name=\"twitter:card\" content=\"summary_large_image\" \/>\n<script type=\"application\/ld+json\" class=\"yoast-schema-graph\">{\"@context\":\"https:\\\/\\\/schema.org\",\"@graph\":[{\"@type\":\"WebPage\",\"@id\":\"https:\\\/\\\/www.sbcajamarca.com.pe\\\/?page_id=240\",\"url\":\"https:\\\/\\\/www.sbcajamarca.com.pe\\\/?page_id=240\",\"name\":\"QUIENES SOMOS - Sociedad de Beneficencia de Cajamarca\",\"isPartOf\":{\"@id\":\"https:\\\/\\\/www.sbcajamarca.com.pe\\\/#website\"},\"primaryImageOfPage\":{\"@id\":\"https:\\\/\\\/www.sbcajamarca.com.pe\\\/?page_id=240#primaryimage\"},\"image\":{\"@id\":\"https:\\\/\\\/www.sbcajamarca.com.pe\\\/?page_id=240#primaryimage\"},\"thumbnailUrl\":\"https:\\\/\\\/pe795.wordpress.com\\\/wp-content\\\/uploads\\\/2025\\\/06\\\/logo-blanco-1.jpg?w=959\",\"datePublished\":\"2025-06-17T17:54:50+00:00\",\"breadcrumb\":{\"@id\":\"https:\\\/\\\/www.sbcajamarca.com.pe\\\/?page_id=240#breadcrumb\"},\"inLanguage\":\"es\",\"potentialAction\":[{\"@type\":\"ReadAction\",\"target\":[\"https:\\\/\\\/www.sbcajamarca.com.pe\\\/?page_id=240\"]}]},{\"@type\":\"ImageObject\",\"inLanguage\":\"es\",\"@id\":\"https:\\\/\\\/www.sbcajamarca.com.pe\\\/?page_id=240#primaryimage\",\"url\":\"https:\\\/\\\/pe795.wordpress.com\\\/wp-content\\\/uploads\\\/2025\\\/06\\\/logo-blanco-1.jpg?w=959\",\"contentUrl\":\"https:\\\/\\\/pe795.wordpress.com\\\/wp-content\\\/uploads\\\/2025\\\/06\\\/logo-blanco-1.jpg?w=959\"},{\"@type\":\"BreadcrumbList\",\"@id\":\"https:\\\/\\\/www.sbcajamarca.com.pe\\\/?page_id=240#breadcrumb\",\"itemListElement\":[{\"@type\":\"ListItem\",\"position\":1,\"name\":\"Portada\",\"item\":\"https:\\\/\\\/www.sbcajamarca.com.pe\\\/\"},{\"@type\":\"ListItem\",\"position\":2,\"name\":\"QUIENES SOMOS\"}]},{\"@type\":\"WebSite\",\"@id\":\"https:\\\/\\\/www.sbcajamarca.com.pe\\\/#website\",\"url\":\"https:\\\/\\\/www.sbcajamarca.com.pe\\\/\",\"name\":\"Sociedad de Beneficencia de Cajamarca\",\"description\":\"&quot;Trabajando por los mas vulnerables&quot;\",\"alternateName\":\"SBC\",\"potentialAction\":[{\"@type\":\"SearchAction\",\"target\":{\"@type\":\"EntryPoint\",\"urlTemplate\":\"https:\\\/\\\/www.sbcajamarca.com.pe\\\/?s={search_term_string}\"},\"query-input\":{\"@type\":\"PropertyValueSpecification\",\"valueRequired\":true,\"valueName\":\"search_term_string\"}}],\"inLanguage\":\"es\"}]}<\/script>\n<!-- \/ Yoast SEO plugin. -->","yoast_head_json":{"title":"QUIENES SOMOS - Sociedad de Beneficencia de Cajamarca","robots":{"index":"index","follow":"follow","max-snippet":"max-snippet:-1","max-image-preview":"max-image-preview:large","max-video-preview":"max-video-preview:-1"},"canonical":"https:\/\/www.sbcajamarca.com.pe\/?page_id=240","og_locale":"es_ES","og_type":"article","og_title":"QUIENES SOMOS - Sociedad de Beneficencia de Cajamarca","og_url":"https:\/\/www.sbcajamarca.com.pe\/?page_id=240","og_site_name":"Sociedad de Beneficencia de Cajamarca","og_image":[{"width":2136,"height":2280,"url":"https:\/\/www.sbcajamarca.com.pe\/wp-content\/uploads\/2025\/06\/logo-blanco-1.jpg","type":"image\/jpeg"}],"twitter_card":"summary_large_image","schema":{"@context":"https:\/\/schema.org","@graph":[{"@type":"WebPage","@id":"https:\/\/www.sbcajamarca.com.pe\/?page_id=240","url":"https:\/\/www.sbcajamarca.com.pe\/?page_id=240","name":"QUIENES SOMOS - Sociedad de Beneficencia de Cajamarca","isPartOf":{"@id":"https:\/\/www.sbcajamarca.com.pe\/#website"},"primaryImageOfPage":{"@id":"https:\/\/www.sbcajamarca.com.pe\/?page_id=240#primaryimage"},"image":{"@id":"https:\/\/www.sbcajamarca.com.pe\/?page_id=240#primaryimage"},"thumbnailUrl":"https:\/\/pe795.wordpress.com\/wp-content\/uploads\/2025\/06\/logo-blanco-1.jpg?w=959","datePublished":"2025-06-17T17:54:50+00:00","breadcrumb":{"@id":"https:\/\/www.sbcajamarca.com.pe\/?page_id=240#breadcrumb"},"inLanguage":"es","potentialAction":[{"@type":"ReadAction","target":["https:\/\/www.sbcajamarca.com.pe\/?page_id=240"]}]},{"@type":"ImageObject","inLanguage":"es","@id":"https:\/\/www.sbcajamarca.com.pe\/?page_id=240#primaryimage","url":"https:\/\/pe795.wordpress.com\/wp-content\/uploads\/2025\/06\/logo-blanco-1.jpg?w=959","contentUrl":"https:\/\/pe795.wordpress.com\/wp-content\/uploads\/2025\/06\/logo-blanco-1.jpg?w=959"},{"@type":"BreadcrumbList","@id":"https:\/\/www.sbcajamarca.com.pe\/?page_id=240#breadcrumb","itemListElement":[{"@type":"ListItem","position":1,"name":"Portada","item":"https:\/\/www.sbcajamarca.com.pe\/"},{"@type":"ListItem","position":2,"name":"QUIENES SOMOS"}]},{"@type":"WebSite","@id":"https:\/\/www.sbcajamarca.com.pe\/#website","url":"https:\/\/www.sbcajamarca.com.pe\/","name":"Sociedad de Beneficencia de Cajamarca","description":"&quot;Trabajando por los mas vulnerables&quot;","alternateName":"SBC","potentialAction":[{"@type":"SearchAction","target":{"@type":"EntryPoint","urlTemplate":"https:\/\/www.sbcajamarca.com.pe\/?s={search_term_string}"},"query-input":{"@type":"PropertyValueSpecification","valueRequired":true,"valueName":"search_term_string"}}],"inLanguage":"es"}]}},"jetpack_sharing_enabled":true,"jetpack-related-posts":[],"_links":{"self":[{"href":"https:\/\/www.sbcajamarca.com.pe\/index.php?rest_route=\/wp\/v2\/pages\/240","targetHints":{"allow":["GET"]}}],"collection":[{"href":"https:\/\/www.sbcajamarca.com.pe\/index.php?rest_route=\/wp\/v2\/pages"}],"about":[{"href":"https:\/\/www.sbcajamarca.com.pe\/index.php?rest_route=\/wp\/v2\/types\/page"}],"author":[{"embeddable":true,"href":"https:\/\/www.sbcajamarca.com.pe\/index.php?rest_route=\/wp\/v2\/users\/1"}],"replies":[{"embeddable":true,"href":"https:\/\/www.sbcajamarca.com.pe\/index.php?rest_route=%2Fwp%2Fv2%2Fcomments&post=240"}],"version-history":[{"count":0,"href":"https:\/\/www.sbcajamarca.com.pe\/index.php?rest_route=\/wp\/v2\/pages\/240\/revisions"}],"wp:attachment":[{"href":"https:\/\/www.sbcajamarca.com.pe\/index.php?rest_route=%2Fwp%2Fv2%2Fmedia&parent=240"}],"curies":[{"name":"wp","href":"https:\/\/api.w.org\/{rel}","templated":true}]}}