{"id":2972,"date":"2026-03-05T21:50:42","date_gmt":"2026-03-05T21:50:42","guid":{"rendered":"https:\/\/www.sbcajamarca.com.pe\/?page_id=2972"},"modified":"2026-03-05T22:01:15","modified_gmt":"2026-03-05T22:01:15","slug":"convocatorias-2026","status":"publish","type":"page","link":"https:\/\/www.sbcajamarca.com.pe\/?page_id=2972","title":{"rendered":"CONVOCATORIAS 2026"},"content":{"rendered":"\n<div class=\"wp-block-group alignfull is-style-section-2 has-background has-global-padding is-layout-constrained wp-block-group-is-layout-constrained is-style-section-2--1\" style=\"background-color:#fefefe;margin-top:0;margin-bottom:0;padding-top:var(--wp--preset--spacing--60);padding-bottom:var(--wp--preset--spacing--60)\">\n<div class=\"wp-block-group has-global-padding is-layout-constrained wp-block-group-is-layout-constrained\">\n<figure class=\"wp-block-image size-full is-resized\"><a href=\"https:\/\/www.sbcajamarca.com.pe\/?page_id=1838\"><img decoding=\"async\" width=\"235\" height=\"91\" data-attachment-id=\"1888\" data-permalink=\"https:\/\/www.sbcajamarca.com.pe\/?attachment_id=1888\" data-orig-file=\"https:\/\/www.sbcajamarca.com.pe\/wp-content\/uploads\/2025\/08\/icono-de-regresar.png\" data-orig-size=\"235,91\" data-comments-opened=\"1\" data-image-meta=\"{&quot;aperture&quot;:&quot;0&quot;,&quot;credit&quot;:&quot;&quot;,&quot;camera&quot;:&quot;&quot;,&quot;caption&quot;:&quot;&quot;,&quot;created_timestamp&quot;:&quot;0&quot;,&quot;copyright&quot;:&quot;&quot;,&quot;focal_length&quot;:&quot;0&quot;,&quot;iso&quot;:&quot;0&quot;,&quot;shutter_speed&quot;:&quot;0&quot;,&quot;title&quot;:&quot;&quot;,&quot;orientation&quot;:&quot;0&quot;}\" data-image-title=\"icono de regresar\" data-image-description=\"\" data-image-caption=\"\" data-large-file=\"https:\/\/www.sbcajamarca.com.pe\/wp-content\/uploads\/2025\/08\/icono-de-regresar.png\" src=\"https:\/\/www.sbcajamarca.com.pe\/wp-content\/uploads\/2025\/08\/icono-de-regresar.png\" alt=\"\" class=\"wp-image-1888\" style=\"width:119px;height:auto\"\/><\/a><\/figure>\n<\/div>\n\n\n\n<p class=\"has-fira-code-font-family has-x-large-font-size\"><strong>CONVOCATORIA SBC 2026<\/strong><\/p>\n\n\n[table \u201c16\u201d not found \/]<br \/>\n\n\n\n\n<div class=\"wp-block-columns is-layout-flex wp-container-core-columns-is-layout-28f84493 wp-block-columns-is-layout-flex\">\n<div class=\"wp-block-column is-layout-flow wp-block-column-is-layout-flow\"><\/div>\n<\/div>\n<\/div>\n","protected":false},"excerpt":{"rendered":"<p>CONVOCATORIA SBC 2026<\/p>\n","protected":false},"author":1,"featured_media":0,"parent":0,"menu_order":0,"comment_status":"closed","ping_status":"closed","template":"page-no-title","meta":{"footnotes":""},"class_list":["post-2972","page","type-page","status-publish","hentry"],"yoast_head":"<!-- This site is optimized with the Yoast SEO plugin v27.6 - https:\/\/yoast.com\/product\/yoast-seo-wordpress\/ -->\n<title>CONVOCATORIAS 2026 - Sociedad de Beneficencia de Cajamarca<\/title>\n<meta name=\"robots\" content=\"index, follow, max-snippet:-1, max-image-preview:large, max-video-preview:-1\" \/>\n<link rel=\"canonical\" href=\"https:\/\/www.sbcajamarca.com.pe\/?page_id=2972\" \/>\n<meta property=\"og:locale\" content=\"es_ES\" \/>\n<meta property=\"og:type\" content=\"article\" \/>\n<meta property=\"og:title\" content=\"CONVOCATORIAS 2026 - Sociedad de Beneficencia de Cajamarca\" \/>\n<meta property=\"og:description\" content=\"CONVOCATORIA SBC 2026\" \/>\n<meta property=\"og:url\" content=\"https:\/\/www.sbcajamarca.com.pe\/?page_id=2972\" \/>\n<meta property=\"og:site_name\" content=\"Sociedad de Beneficencia de Cajamarca\" \/>\n<meta property=\"article:modified_time\" content=\"2026-03-05T22:01:15+00:00\" \/>\n<meta property=\"og:image\" content=\"https:\/\/www.sbcajamarca.com.pe\/wp-content\/uploads\/2025\/08\/icono-de-regresar.png\" \/>\n\t<meta property=\"og:image:width\" content=\"235\" \/>\n\t<meta property=\"og:image:height\" content=\"91\" \/>\n\t<meta property=\"og:image:type\" content=\"image\/png\" \/>\n<meta name=\"twitter:card\" content=\"summary_large_image\" \/>\n<meta name=\"twitter:label1\" content=\"Tiempo de lectura\" \/>\n\t<meta name=\"twitter:data1\" content=\"1 minuto\" \/>\n<script type=\"application\/ld+json\" class=\"yoast-schema-graph\">{\"@context\":\"https:\\\/\\\/schema.org\",\"@graph\":[{\"@type\":\"WebPage\",\"@id\":\"https:\\\/\\\/www.sbcajamarca.com.pe\\\/?page_id=2972\",\"url\":\"https:\\\/\\\/www.sbcajamarca.com.pe\\\/?page_id=2972\",\"name\":\"CONVOCATORIAS 2026 - Sociedad de Beneficencia de Cajamarca\",\"isPartOf\":{\"@id\":\"https:\\\/\\\/www.sbcajamarca.com.pe\\\/#website\"},\"primaryImageOfPage\":{\"@id\":\"https:\\\/\\\/www.sbcajamarca.com.pe\\\/?page_id=2972#primaryimage\"},\"image\":{\"@id\":\"https:\\\/\\\/www.sbcajamarca.com.pe\\\/?page_id=2972#primaryimage\"},\"thumbnailUrl\":\"https:\\\/\\\/www.sbcajamarca.com.pe\\\/wp-content\\\/uploads\\\/2025\\\/08\\\/icono-de-regresar.png\",\"datePublished\":\"2026-03-05T21:50:42+00:00\",\"dateModified\":\"2026-03-05T22:01:15+00:00\",\"breadcrumb\":{\"@id\":\"https:\\\/\\\/www.sbcajamarca.com.pe\\\/?page_id=2972#breadcrumb\"},\"inLanguage\":\"es\",\"potentialAction\":[{\"@type\":\"ReadAction\",\"target\":[\"https:\\\/\\\/www.sbcajamarca.com.pe\\\/?page_id=2972\"]}]},{\"@type\":\"ImageObject\",\"inLanguage\":\"es\",\"@id\":\"https:\\\/\\\/www.sbcajamarca.com.pe\\\/?page_id=2972#primaryimage\",\"url\":\"https:\\\/\\\/www.sbcajamarca.com.pe\\\/wp-content\\\/uploads\\\/2025\\\/08\\\/icono-de-regresar.png\",\"contentUrl\":\"https:\\\/\\\/www.sbcajamarca.com.pe\\\/wp-content\\\/uploads\\\/2025\\\/08\\\/icono-de-regresar.png\",\"width\":235,\"height\":91},{\"@type\":\"BreadcrumbList\",\"@id\":\"https:\\\/\\\/www.sbcajamarca.com.pe\\\/?page_id=2972#breadcrumb\",\"itemListElement\":[{\"@type\":\"ListItem\",\"position\":1,\"name\":\"Portada\",\"item\":\"https:\\\/\\\/www.sbcajamarca.com.pe\\\/\"},{\"@type\":\"ListItem\",\"position\":2,\"name\":\"CONVOCATORIAS 2026\"}]},{\"@type\":\"WebSite\",\"@id\":\"https:\\\/\\\/www.sbcajamarca.com.pe\\\/#website\",\"url\":\"https:\\\/\\\/www.sbcajamarca.com.pe\\\/\",\"name\":\"Sociedad de Beneficencia de Cajamarca\",\"description\":\"&quot;Trabajando por los mas vulnerables&quot;\",\"alternateName\":\"SBC\",\"potentialAction\":[{\"@type\":\"SearchAction\",\"target\":{\"@type\":\"EntryPoint\",\"urlTemplate\":\"https:\\\/\\\/www.sbcajamarca.com.pe\\\/?s={search_term_string}\"},\"query-input\":{\"@type\":\"PropertyValueSpecification\",\"valueRequired\":true,\"valueName\":\"search_term_string\"}}],\"inLanguage\":\"es\"}]}<\/script>\n<!-- \/ Yoast SEO plugin. -->","yoast_head_json":{"title":"CONVOCATORIAS 2026 - Sociedad de Beneficencia de Cajamarca","robots":{"index":"index","follow":"follow","max-snippet":"max-snippet:-1","max-image-preview":"max-image-preview:large","max-video-preview":"max-video-preview:-1"},"canonical":"https:\/\/www.sbcajamarca.com.pe\/?page_id=2972","og_locale":"es_ES","og_type":"article","og_title":"CONVOCATORIAS 2026 - Sociedad de Beneficencia de Cajamarca","og_description":"CONVOCATORIA SBC 2026","og_url":"https:\/\/www.sbcajamarca.com.pe\/?page_id=2972","og_site_name":"Sociedad de Beneficencia de Cajamarca","article_modified_time":"2026-03-05T22:01:15+00:00","og_image":[{"width":235,"height":91,"url":"https:\/\/www.sbcajamarca.com.pe\/wp-content\/uploads\/2025\/08\/icono-de-regresar.png","type":"image\/png"}],"twitter_card":"summary_large_image","twitter_misc":{"Tiempo de lectura":"1 minuto"},"schema":{"@context":"https:\/\/schema.org","@graph":[{"@type":"WebPage","@id":"https:\/\/www.sbcajamarca.com.pe\/?page_id=2972","url":"https:\/\/www.sbcajamarca.com.pe\/?page_id=2972","name":"CONVOCATORIAS 2026 - Sociedad de Beneficencia de Cajamarca","isPartOf":{"@id":"https:\/\/www.sbcajamarca.com.pe\/#website"},"primaryImageOfPage":{"@id":"https:\/\/www.sbcajamarca.com.pe\/?page_id=2972#primaryimage"},"image":{"@id":"https:\/\/www.sbcajamarca.com.pe\/?page_id=2972#primaryimage"},"thumbnailUrl":"https:\/\/www.sbcajamarca.com.pe\/wp-content\/uploads\/2025\/08\/icono-de-regresar.png","datePublished":"2026-03-05T21:50:42+00:00","dateModified":"2026-03-05T22:01:15+00:00","breadcrumb":{"@id":"https:\/\/www.sbcajamarca.com.pe\/?page_id=2972#breadcrumb"},"inLanguage":"es","potentialAction":[{"@type":"ReadAction","target":["https:\/\/www.sbcajamarca.com.pe\/?page_id=2972"]}]},{"@type":"ImageObject","inLanguage":"es","@id":"https:\/\/www.sbcajamarca.com.pe\/?page_id=2972#primaryimage","url":"https:\/\/www.sbcajamarca.com.pe\/wp-content\/uploads\/2025\/08\/icono-de-regresar.png","contentUrl":"https:\/\/www.sbcajamarca.com.pe\/wp-content\/uploads\/2025\/08\/icono-de-regresar.png","width":235,"height":91},{"@type":"BreadcrumbList","@id":"https:\/\/www.sbcajamarca.com.pe\/?page_id=2972#breadcrumb","itemListElement":[{"@type":"ListItem","position":1,"name":"Portada","item":"https:\/\/www.sbcajamarca.com.pe\/"},{"@type":"ListItem","position":2,"name":"CONVOCATORIAS 2026"}]},{"@type":"WebSite","@id":"https:\/\/www.sbcajamarca.com.pe\/#website","url":"https:\/\/www.sbcajamarca.com.pe\/","name":"Sociedad de Beneficencia de Cajamarca","description":"&quot;Trabajando por los mas vulnerables&quot;","alternateName":"SBC","potentialAction":[{"@type":"SearchAction","target":{"@type":"EntryPoint","urlTemplate":"https:\/\/www.sbcajamarca.com.pe\/?s={search_term_string}"},"query-input":{"@type":"PropertyValueSpecification","valueRequired":true,"valueName":"search_term_string"}}],"inLanguage":"es"}]}},"jetpack_sharing_enabled":true,"jetpack-related-posts":[{"id":1838,"url":"https:\/\/www.sbcajamarca.com.pe\/?page_id=1838","url_meta":{"origin":2972,"position":0},"title":"CONVOCATORIAS GENERAL","author":"SBC_Admin","date":"02\/08\/2025","format":false,"excerpt":"Convocatorias CONVOCATORIAS SBC - 2026 Ver completo Nuestra Ubicaci\u00f3n Horario de Atenci\u00f3n: Correo electr\u00f3nico Jr. Tarapac\u00e1 714 \u2013 2do piso, Cajamarca De Lunes a viernes\u00a0 contacto@sbcajamarca.com.pe Tel\u00e9fono: (076) 362222 8:00 a 1:00 pm y de 2:00 a 5:00 pm","rel":"","context":"Entrada similar","block_context":{"text":"Entrada similar","link":""},"img":{"alt_text":"","src":"https:\/\/i0.wp.com\/www.sbcajamarca.com.pe\/wp-content\/uploads\/2025\/05\/image-4.png?resize=350%2C200&ssl=1","width":350,"height":200},"classes":[]}],"_links":{"self":[{"href":"https:\/\/www.sbcajamarca.com.pe\/index.php?rest_route=\/wp\/v2\/pages\/2972","targetHints":{"allow":["GET"]}}],"collection":[{"href":"https:\/\/www.sbcajamarca.com.pe\/index.php?rest_route=\/wp\/v2\/pages"}],"about":[{"href":"https:\/\/www.sbcajamarca.com.pe\/index.php?rest_route=\/wp\/v2\/types\/page"}],"author":[{"embeddable":true,"href":"https:\/\/www.sbcajamarca.com.pe\/index.php?rest_route=\/wp\/v2\/users\/1"}],"replies":[{"embeddable":true,"href":"https:\/\/www.sbcajamarca.com.pe\/index.php?rest_route=%2Fwp%2Fv2%2Fcomments&post=2972"}],"version-history":[{"count":3,"href":"https:\/\/www.sbcajamarca.com.pe\/index.php?rest_route=\/wp\/v2\/pages\/2972\/revisions"}],"predecessor-version":[{"id":2977,"href":"https:\/\/www.sbcajamarca.com.pe\/index.php?rest_route=\/wp\/v2\/pages\/2972\/revisions\/2977"}],"wp:attachment":[{"href":"https:\/\/www.sbcajamarca.com.pe\/index.php?rest_route=%2Fwp%2Fv2%2Fmedia&parent=2972"}],"curies":[{"name":"wp","href":"https:\/\/api.w.org\/{rel}","templated":true}]}}